{"id":7881,"date":"2024-02-06T17:40:51","date_gmt":"2024-02-06T21:40:51","guid":{"rendered":"https:\/\/ecargo.do\/?page_id=7881"},"modified":"2024-02-07T13:57:44","modified_gmt":"2024-02-07T17:57:44","slug":"transporte-terrestre","status":"publish","type":"page","link":"https:\/\/ecargo.do\/index.php\/transporte-terrestre\/","title":{"rendered":"Transporte Terrestre"},"content":{"rendered":"<style type=\"text\/css\"> \n#cmsmasters_row_69d4521f3c3441_54773485 .cmsmasters_row_outer_parent { \n\tpadding-top: 0px; \n} \n\n#cmsmasters_row_69d4521f3c3441_54773485 .cmsmasters_row_outer_parent { \n\tpadding-bottom: 10px; \n} \n\n \n#cmsmasters_heading_69d4521f3c4038_54871307 { \n\ttext-align:left; \n\tmargin-top:0px; \n\tmargin-bottom:20px; \n} \n\n#cmsmasters_heading_69d4521f3c4038_54871307 .cmsmasters_heading { \n\ttext-align:left; \n} \n\n#cmsmasters_heading_69d4521f3c4038_54871307 .cmsmasters_heading, #cmsmasters_heading_69d4521f3c4038_54871307 .cmsmasters_heading a { \n\tfont-size:28px; \n\tfont-weight:600; \n\tfont-style:normal; \n} \n\n#cmsmasters_heading_69d4521f3c4038_54871307 .cmsmasters_heading_divider { \n} \n\n \n#cmsmasters_divider_69d4521f3c42f8_64165720 { \n\tborder-bottom-width:1px; \n\tborder-bottom-style:solid; \n\tpadding-top:0px; \n\tmargin-bottom:40px; \n} \n \n#cmsmasters_row_69d4521f3c4939_04724728 .cmsmasters_row_outer_parent { \n\tpadding-top: 0px; \n} \n\n#cmsmasters_row_69d4521f3c4939_04724728 .cmsmasters_row_outer_parent { \n\tpadding-bottom: 10px; \n} \n\n \n#cmsmasters_divider_69d4521f3c8156_54859884 { \n\tborder-bottom-width:1px; \n\tborder-bottom-style:solid; \n\tpadding-top:0px; \n\tmargin-bottom:40px; \n} \n \n#cmsmasters_row_69d4521f3c8520_91760910 .cmsmasters_row_outer_parent { \n\tpadding-top: 0px; \n} \n\n#cmsmasters_row_69d4521f3c8520_91760910 .cmsmasters_row_outer_parent { \n\tpadding-bottom: 0px; \n} \n\n \n#cmsmasters_row_69d4521f3c8ff6_50914777 .cmsmasters_row_outer_parent { \n\tpadding-bottom: 50px; \n} \n\n \n#cmsmasters_icon_box_69d4521f3c97b0_67849234 { \n\tborder-width:1px; \n\tbackground-color:#fcfcfc;\n\tborder-color:#e4e4e4;\n} \n\n#cmsmasters_icon_box_69d4521f3c97b0_67849234:before, \n#cmsmasters_icon_box_69d4521f3c97b0_67849234 .icon_box_heading:before { \n\tfont-size:30px; \n\tline-height:60px; \n\twidth:60px; \n\theight:60px; \n\tborder-width:0px; \n\t-webkit-border-radius:50%; \n\tborder-radius:50%; \n\tcolor:#ffffff;\n\tbackground-color:#f02830;\n} \n\n#cmsmasters_icon_box_69d4521f3c97b0_67849234.cmsmasters_icon_heading_left, \n#cmsmasters_icon_box_69d4521f3c97b0_67849234.cmsmasters_icon_top, \n#cmsmasters_icon_box_69d4521f3c97b0_67849234.cmsmasters_icon_box_left_top { \n\tpadding:30px 20px; } \n\n#cmsmasters_icon_box_69d4521f3c97b0_67849234.cmsmasters_icon_top:before { \n\ttop:30px;} \n\n#cmsmasters_icon_box_69d4521f3c97b0_67849234.cmsmasters_icon_box_left, \n#cmsmasters_icon_box_69d4521f3c97b0_67849234.cmsmasters_icon_box_left_top { \n\tpadding-left:60px; \n\tmargin-left:30px; \n\t} \n\n#cmsmasters_icon_box_69d4521f3c97b0_67849234.cmsmasters_icon_box_left:before, \n#cmsmasters_icon_box_69d4521f3c97b0_67849234.cmsmasters_icon_box_left_top:before { \n\tleft:-30px; \n\t} \n\n#cmsmasters_icon_box_69d4521f3c97b0_67849234.cmsmasters_icon_box_left_top { \n\tpadding-top:30px; \n\tmargin-top:60px; \n\t} \n\n#cmsmasters_icon_box_69d4521f3c97b0_67849234.cmsmasters_icon_box_left_top:before { \n\tmargin-top:-30px; \n\t} \n\n \n#cmsmasters_divider_69d4521f3c9bb0_73721091 { \n\tborder-bottom-width:0px; \n\tborder-bottom-style:solid; \n\tpadding-top:0px; \n\tmargin-bottom:40px; \n} \n \n#cmsmasters_icon_box_69d4521f3c9da4_76690468 { \n\tborder-width:1px; \n\tbackground-color:#fcfcfc;\n\tborder-color:#e4e4e4;\n} \n\n#cmsmasters_icon_box_69d4521f3c9da4_76690468:before, \n#cmsmasters_icon_box_69d4521f3c9da4_76690468 .icon_box_heading:before { \n\tfont-size:30px; \n\tline-height:60px; \n\twidth:60px; \n\theight:60px; \n\tborder-width:0px; \n\t-webkit-border-radius:50%; \n\tborder-radius:50%; \n\tcolor:#ffffff;\n\tbackground-color:#f02830;\n} \n\n#cmsmasters_icon_box_69d4521f3c9da4_76690468.cmsmasters_icon_heading_left, \n#cmsmasters_icon_box_69d4521f3c9da4_76690468.cmsmasters_icon_top, \n#cmsmasters_icon_box_69d4521f3c9da4_76690468.cmsmasters_icon_box_left_top { \n\tpadding:30px 20px; } \n\n#cmsmasters_icon_box_69d4521f3c9da4_76690468.cmsmasters_icon_top:before { \n\ttop:30px;} \n\n#cmsmasters_icon_box_69d4521f3c9da4_76690468.cmsmasters_icon_box_left, \n#cmsmasters_icon_box_69d4521f3c9da4_76690468.cmsmasters_icon_box_left_top { \n\tpadding-left:60px; \n\tmargin-left:30px; \n\t} \n\n#cmsmasters_icon_box_69d4521f3c9da4_76690468.cmsmasters_icon_box_left:before, \n#cmsmasters_icon_box_69d4521f3c9da4_76690468.cmsmasters_icon_box_left_top:before { \n\tleft:-30px; \n\t} \n\n#cmsmasters_icon_box_69d4521f3c9da4_76690468.cmsmasters_icon_box_left_top { \n\tpadding-top:30px; \n\tmargin-top:60px; \n\t} \n\n#cmsmasters_icon_box_69d4521f3c9da4_76690468.cmsmasters_icon_box_left_top:before { \n\tmargin-top:-30px; \n\t} \n\n \n#cmsmasters_icon_box_69d4521f3ca6d8_38732079 { \n\tborder-width:1px; \n\tbackground-color:#fcfcfc;\n\tborder-color:#e4e4e4;\n} \n\n#cmsmasters_icon_box_69d4521f3ca6d8_38732079:before, \n#cmsmasters_icon_box_69d4521f3ca6d8_38732079 .icon_box_heading:before { \n\tfont-size:30px; \n\tline-height:60px; \n\twidth:60px; \n\theight:60px; \n\tborder-width:0px; \n\t-webkit-border-radius:50%; \n\tborder-radius:50%; \n} \n\n#cmsmasters_icon_box_69d4521f3ca6d8_38732079.cmsmasters_icon_heading_left, \n#cmsmasters_icon_box_69d4521f3ca6d8_38732079.cmsmasters_icon_top, \n#cmsmasters_icon_box_69d4521f3ca6d8_38732079.cmsmasters_icon_box_left_top { \n\tpadding:30px 20px; } \n\n#cmsmasters_icon_box_69d4521f3ca6d8_38732079.cmsmasters_icon_top:before { \n\ttop:30px;} \n\n#cmsmasters_icon_box_69d4521f3ca6d8_38732079.cmsmasters_icon_box_left, \n#cmsmasters_icon_box_69d4521f3ca6d8_38732079.cmsmasters_icon_box_left_top { \n\tpadding-left:60px; \n\tmargin-left:30px; \n\t} \n\n#cmsmasters_icon_box_69d4521f3ca6d8_38732079.cmsmasters_icon_box_left:before, \n#cmsmasters_icon_box_69d4521f3ca6d8_38732079.cmsmasters_icon_box_left_top:before { \n\tleft:-30px; \n\t} \n\n#cmsmasters_icon_box_69d4521f3ca6d8_38732079.cmsmasters_icon_box_left_top { \n\tpadding-top:30px; \n\tmargin-top:60px; \n\t} \n\n#cmsmasters_icon_box_69d4521f3ca6d8_38732079.cmsmasters_icon_box_left_top:before { \n\tmargin-top:-30px; \n\t} \n\n \n#cmsmasters_divider_69d4521f3ca9a1_40726854 { \n\tborder-bottom-width:0px; \n\tborder-bottom-style:solid; \n\tpadding-top:0px; \n\tmargin-bottom:40px; \n} \n \n#cmsmasters_icon_box_69d4521f3cab41_11718521 { \n\tborder-width:1px; \n\tbackground-color:#fcfcfc;\n\tborder-color:#e4e4e4;\n} \n\n#cmsmasters_icon_box_69d4521f3cab41_11718521:before, \n#cmsmasters_icon_box_69d4521f3cab41_11718521 .icon_box_heading:before { \n\tfont-size:30px; \n\tline-height:60px; \n\twidth:60px; \n\theight:60px; \n\tborder-width:0px; \n\t-webkit-border-radius:50%; \n\tborder-radius:50%; \n} \n\n#cmsmasters_icon_box_69d4521f3cab41_11718521.cmsmasters_icon_heading_left, \n#cmsmasters_icon_box_69d4521f3cab41_11718521.cmsmasters_icon_top, \n#cmsmasters_icon_box_69d4521f3cab41_11718521.cmsmasters_icon_box_left_top { \n\tpadding:30px 20px; } \n\n#cmsmasters_icon_box_69d4521f3cab41_11718521.cmsmasters_icon_top:before { \n\ttop:30px;} \n\n#cmsmasters_icon_box_69d4521f3cab41_11718521.cmsmasters_icon_box_left, \n#cmsmasters_icon_box_69d4521f3cab41_11718521.cmsmasters_icon_box_left_top { \n\tpadding-left:60px; \n\tmargin-left:30px; \n\t} \n\n#cmsmasters_icon_box_69d4521f3cab41_11718521.cmsmasters_icon_box_left:before, \n#cmsmasters_icon_box_69d4521f3cab41_11718521.cmsmasters_icon_box_left_top:before { \n\tleft:-30px; \n\t} \n\n#cmsmasters_icon_box_69d4521f3cab41_11718521.cmsmasters_icon_box_left_top { \n\tpadding-top:30px; \n\tmargin-top:60px; \n\t} \n\n#cmsmasters_icon_box_69d4521f3cab41_11718521.cmsmasters_icon_box_left_top:before { \n\tmargin-top:-30px; \n\t} \n\n<\/style><div id=\"cmsmasters_row_69d4521f3c3441_54773485\" class=\"cmsmasters_row cmsmasters_color_scheme_default cmsmasters_row_top_default cmsmasters_row_bot_default cmsmasters_row_boxed\">\n<div class=\"cmsmasters_row_outer_parent\">\n<div class=\"cmsmasters_row_outer\">\n<div class=\"cmsmasters_row_inner\">\n<div class=\"cmsmasters_row_margin\">\n<div class=\"cmsmasters_column one_first\">\n\n<div id=\"cmsmasters_heading_69d4521f3c4038_54871307\" class=\"cmsmasters_heading_wrap cmsmasters_heading_align_left\">\n\t<h1 class=\"cmsmasters_heading\">Transporte Terrestre<\/h1>\n<\/div>\n\n<div id=\"cmsmasters_divider_69d4521f3c42f8_64165720\" class=\"cmsmasters_divider cmsmasters_divider_width_long cmsmasters_divider_pos_center\"><\/div>\n<\/div>\n<\/div>\n<\/div>\n<\/div>\n<\/div>\n<\/div>\n<div id=\"cmsmasters_row_69d4521f3c4939_04724728\" class=\"cmsmasters_row cmsmasters_color_scheme_default cmsmasters_row_top_default cmsmasters_row_bot_default cmsmasters_row_boxed\">\n<div class=\"cmsmasters_row_outer_parent\">\n<div class=\"cmsmasters_row_outer\">\n<div class=\"cmsmasters_row_inner\">\n<div class=\"cmsmasters_row_margin\">\n<div class=\"cmsmasters_column one_first\">\n<div class=\"cmsmasters_content_slider_wrap\" style=\"max-width:860px;\">\n<script type=\"text\/javascript\">jQuery(document).ready(function () { jQuery(\"#cmsmasters_slider_69d4521f3c51e4_89793256.cmsmasters_content_slider\").owlCarousel( { singleItem : true, transitionStyle: false, rewindSpeed : 1000, slideSpeed : 600, autoHeight : true, paginationSpeed : \t600, autoPlay : false, navigationText : \t[ \"<span class=\\\"cmsmasters_prev_arrow\\\"><span><\/span><\/span>\", \"<span class=\\\"cmsmasters_next_arrow\\\"><span><\/span><\/span>\" ] } );} );<\/script>\n<div id=\"cmsmasters_slider_69d4521f3c51e4_89793256\" class=\"cmsmasters_content_slider cmsmasters_owl_slider owl-carousel image-services\">\n<div class=\"cmsmasters_content_slider_item\"><img loading=\"lazy\" decoding=\"async\" width=\"860\" height=\"500\" src=\"https:\/\/ecargo.do\/wp-content\/uploads\/2024\/02\/17_20240207_091655_0016.jpg\" class=\"attachment-post-thumbnail size-post-thumbnail\" alt=\"\" srcset=\"https:\/\/ecargo.do\/wp-content\/uploads\/2024\/02\/17_20240207_091655_0016.jpg 860w, https:\/\/ecargo.do\/wp-content\/uploads\/2024\/02\/17_20240207_091655_0016-300x174.jpg 300w, https:\/\/ecargo.do\/wp-content\/uploads\/2024\/02\/17_20240207_091655_0016-768x447.jpg 768w, https:\/\/ecargo.do\/wp-content\/uploads\/2024\/02\/17_20240207_091655_0016-580x337.jpg 580w\" sizes=\"auto, (max-width: 860px) 100vw, 860px\" \/><\/div><\/div>\n<\/div>\n<div class=\"cmsmasters_text text-services\">\n<p>Ecargo le ofrece el servicio de transporte terrestre, una opci\u00f3n eficiente y econ\u00f3mica para enviar su mercanc\u00eda a cualquier destino nacional. Contamos con una amplia flota de veh\u00edculos adaptados a las necesidades de cada carga, desde camiones hasta furgonetas. Nos ocupamos de todo el proceso log\u00edstico, desde la recogida hasta la entrega, garantizando la seguridad y la puntualidad de sus env\u00edos.<\/p>\n<\/div>\n\n<div id=\"cmsmasters_divider_69d4521f3c8156_54859884\" class=\"cmsmasters_divider cmsmasters_divider_width_long cmsmasters_divider_pos_center\"><\/div>\n<\/div>\n<\/div>\n<\/div>\n<\/div>\n<\/div>\n<\/div>\n<div id=\"cmsmasters_row_69d4521f3c8520_91760910\" class=\"cmsmasters_row cmsmasters_color_scheme_default cmsmasters_row_top_default cmsmasters_row_bot_default cmsmasters_row_boxed\">\n<div class=\"cmsmasters_row_outer_parent\">\n<div class=\"cmsmasters_row_outer\">\n<div class=\"cmsmasters_row_inner\">\n<div class=\"cmsmasters_row_margin\">\n<div class=\"cmsmasters_column one_first\">\n<div class=\"cmsmasters_text margin-bottom-zero\">\n<h1><strong>LO QUE OBTIENES CON <span style=\"color: #ed1c24;\">ECARGO LOGISTICS<\/span><\/strong><\/h1>\n<\/div>\n<\/div>\n<\/div>\n<\/div>\n<\/div>\n<\/div>\n<\/div>\n<div id=\"cmsmasters_row_69d4521f3c8ff6_50914777\" class=\"cmsmasters_row cmsmasters_color_scheme_default cmsmasters_row_top_default cmsmasters_row_bot_default cmsmasters_row_boxed\">\n<div class=\"cmsmasters_row_outer_parent\">\n<div class=\"cmsmasters_row_outer\">\n<div class=\"cmsmasters_row_inner\">\n<div class=\"cmsmasters_row_margin\">\n<div class=\"cmsmasters_column one_half\">\n\n<div id=\"cmsmasters_icon_box_69d4521f3c97b0_67849234\" class=\"cmsmasters_icon_box cmsmasters_icon_box_left_top box_icon_type_icon cmsmasters-icon-custom-10\">\n<div class=\"icon_box_inner\">\n<h3 class=\"icon_box_heading\">ENTREGA 100% SEGURA<\/h3>\n<div class=\"icon_box_text\">\n<p><\/p>\n<\/div>\n<\/div>\n<\/div>\n\n<div id=\"cmsmasters_divider_69d4521f3c9bb0_73721091\" class=\"cl\"><\/div>\n\n<div id=\"cmsmasters_icon_box_69d4521f3c9da4_76690468\" class=\"cmsmasters_icon_box cmsmasters_icon_box_left_top box_icon_type_icon cmsmasters-icon-custom-18\">\n<div class=\"icon_box_inner\">\n<h3 class=\"icon_box_heading\">TRANSPORTE A TIEMPO<\/h3>\n<div class=\"icon_box_text\">\n<p><\/p>\n<\/div>\n<\/div>\n<\/div>\n<\/div>\n<div class=\"cmsmasters_column one_half\">\n\n<div id=\"cmsmasters_icon_box_69d4521f3ca6d8_38732079\" class=\"cmsmasters_icon_box cmsmasters_icon_box_left_top box_icon_type_icon cmsmasters-icon-custom-01\">\n<div class=\"icon_box_inner\">\n<h3 class=\"icon_box_heading\">FLOTA DE VEH\u00cdCULOS MODERNA<\/h3>\n<div class=\"icon_box_text\">\n<p><\/p>\n<\/div>\n<\/div>\n<\/div>\n\n<div id=\"cmsmasters_divider_69d4521f3ca9a1_40726854\" class=\"cl\"><\/div>\n\n<div id=\"cmsmasters_icon_box_69d4521f3cab41_11718521\" class=\"cmsmasters_icon_box cmsmasters_icon_box_left_top box_icon_type_icon cmsmasters-icon-custom-08\">\n<div class=\"icon_box_inner\">\n<h3 class=\"icon_box_heading\">SEGUIMIENTO ONLINE<\/h3>\n<div class=\"icon_box_text\">\n<p><\/p>\n<\/div>\n<\/div>\n<\/div>\n<\/div>\n<\/div>\n<\/div>\n<\/div>\n<\/div>\n<\/div>\n\n","protected":false},"excerpt":{"rendered":"","protected":false},"author":1,"featured_media":0,"parent":0,"menu_order":0,"comment_status":"closed","ping_status":"closed","template":"","meta":{"footnotes":""},"class_list":["post-7881","page","type-page","status-publish","hentry"],"_links":{"self":[{"href":"https:\/\/ecargo.do\/index.php\/wp-json\/wp\/v2\/pages\/7881","targetHints":{"allow":["GET"]}}],"collection":[{"href":"https:\/\/ecargo.do\/index.php\/wp-json\/wp\/v2\/pages"}],"about":[{"href":"https:\/\/ecargo.do\/index.php\/wp-json\/wp\/v2\/types\/page"}],"author":[{"embeddable":true,"href":"https:\/\/ecargo.do\/index.php\/wp-json\/wp\/v2\/users\/1"}],"replies":[{"embeddable":true,"href":"https:\/\/ecargo.do\/index.php\/wp-json\/wp\/v2\/comments?post=7881"}],"version-history":[{"count":4,"href":"https:\/\/ecargo.do\/index.php\/wp-json\/wp\/v2\/pages\/7881\/revisions"}],"predecessor-version":[{"id":7919,"href":"https:\/\/ecargo.do\/index.php\/wp-json\/wp\/v2\/pages\/7881\/revisions\/7919"}],"wp:attachment":[{"href":"https:\/\/ecargo.do\/index.php\/wp-json\/wp\/v2\/media?parent=7881"}],"curies":[{"name":"wp","href":"https:\/\/api.w.org\/{rel}","templated":true}]}}